hat is the ten thousands digit of 627897?
2
What is the hundred thousands digit of 124533?
1
What is the units digit of 608109?
9
What is the thousands digit of 147956?
7
What is the ten thousands digit of 12673482?
7
What is the thousands digit of 17715511?
5
What is the ten thousands digit of 17075160?
7
What is the hundred thousands digit of 26746335?
7
What is the tens digit of 60966?
6
What is the hundreds digit of 5423756?
7
What is the millions digit of 5143079?
5
What is the units digit of 902147?
7
What is the tens digit of 3060155?
5
What is the hundred thousands digit of 394673?
3
What is the hundreds digit of 514411?
4
What is the tens digit of 40799?
9
What is the ten millions digit of 20115340?
2
What is the hundreds digit of 3388992?
9
What is the hundreds digit of 169285?
2
What is the hundreds digit of 170580?
5
What is the units digit of 57099?
9
What is the hundreds digit of 2292288?
2
What is the units digit of 3849307?
7
What is the millions digit of 3407425?
3
What is the hundred thousands digit of 8009699?
0
What is the hundreds digit of 606857?
8
What is the ten thousands digit of 116240?
1
What is the hundred thousands digit of 438140?
4
What is the hundred thousands digit of 848504?
8
What is the tens digit of 6464674?
7
What is the thousands digit of 3287487?
7
What is the units digit of 2393856?
6
What is the units digit of 7094181?
1
What is the millions digit of 6722989?
6
What is the tens digit of 1063371?
7
What is the tens digit of 1104821?
2
What is the hundred thousands digit of 33506941?
5
What is the tens digit of 799205?
0
What is the hundred thousands digit of 1502062?
5
What is the millions digit of 2320775?
2
What is the hundred thousands digit of 362953?
3
What is the hundred thousands digit of 37598975?
5
What is the units digit of 119310?
0
What is the ten millions digit of 21296683?
2
What is the hundreds digit of 382416?
4
What is the units digit of 4620178?
8
What is the thousands digit of 1473729?
3
What is the tens digit of 4020300?
0
What is the hundred thousands digit of 8547547?
5
What is the ten thousands digit of 225910?
2
What is the thousands digit of 2033127?
3
What is the tens digit of 123574?
7
What is the hundred thousands digit of 868876?
8
What is the hundreds digit of 1246530?
5
What is the units digit of 108998?
8
What is the tens digit of 117193?
9
What is the millions digit of 3863490?
3
What is the ten thousands digit of 369651?
6
What is the thousands digit of 173766?
3
What is the units digit of 17624163?
3
What is the hundreds digit of 4306521?
5
What is the hundred thousands digit of 1457546?
4
What is the units digit of 40863056?
6
What is the millions digit of 1981720?
1
What is the ten thousands digit of 4553072?
5
What is the hundreds digit of 77912?
9
What is the millions digit of 17052554?
7
What is the ten thousands digit of 14100006?
0
What is the units digit of 3836641?
1
What is the tens digit of 2594572?
7
What is the units digit of 1355531?
1
What is the tens digit of 1445048?
4
What is the hundred thousands digit of 13068404?
0
What is the tens digit of 57750?
5
What is the thousands digit of 880733?
0
What is the tens digit of 697479?
7
What is the hundreds digit of 1910481?
4
What is the hundreds digit of 97868?
8
What is the hundreds digit of 1542795?
7
What is the tens digit of 249711?
1
What is the hundred thousands digit of 6429400?
4
What is the thousands digit of 820762?
0
What is the units digit of 260044?
4
What is the hundreds digit of 148669?
6
What is the units digit of 15334487?
7
What is the hundreds digit of 23649720?
7
What is the hundreds digit of 171654?
6
What is the ten thousands digit of 249178?
4
What is the tens digit of 1419849?
4
What is the thousands digit of 303523?
3
What is the hundred thousands digit of 2278461?
2
What is the tens digit of 683566?
6
What is the ten thousands digit of 1130602?
3
What is the thousands digit of 2138199?
8
What is the units digit of 399244?
4
What is the thousands digit of 58450?
8
What is the hundred thousands digit of 455306?
4
What is the thousands digit of 557258?
7
What is the ten thousands digit of 581193?
8
What is the units digit of 8629410?
0
What is the thousands digit of 120111?
0
What is the tens digit of 124951?
5
What is the units digit of 224557?
7
What is the hundreds digit of 334435?
4
What is the hundred thousands digit of 930655?
9
What is the thousands digit of 1517893?
7
What is the tens digit of 448900?
0
What is the tens digit of 21654?
5
What is the thousands digit of 1125882?
5
What is the hundreds digit of 167495?
4
What is the tens digit of 832063?
6
What is the units digit of 321278?
8
What is the units digit of 18299310?
0
What is the thousands digit of 2363868?
3
What is the hundreds digit of 5320225?
2
What is the hundreds digit of 34162?
1
What is the hundred thousands digit of 14216469?
2
What is the ten thousands digit of 116446?
1
What is the hundred thousands digit of 5075922?
0
What is the units digit of 802016?
6
What is the thousands digit of 1694476?
4
What is the hundreds digit of 256044?
0
What is the ten thousands digit of 1104323?
0
What is the thousands digit of 6344337?
4
What is the millions digit of 11423978?
1
What is the ten thousands digit of 436507?
3
What is the units digit of 529?
9
What is the tens digit of 155126?
2
What is the hundreds digit of 2096412?
4
What is the thousands digit of 166055?
6
What is the thousands digit of 10838218?
8
What is the hundred thousands digit of 7855627?
8
What is the millions digit of 1328448?
1
What is the thousands digit of 776228?
6
What is the thousands digit of 4923586?
3
What is the thousands digit of 302633?
2
What is the units digit of 457070?
0
What is the hundred thousands digit of 242487?
2
What is the hundreds digit of 252421?
4
What is the hundreds digit of 178867?
8
What is the tens digit of 98541?
4
What is the thousands digit of 413913?
3
What is the ten thousands digit of 3248915?
4
What is the millions digit of 3574246?
3
What is the hundreds digit of 183892?
8
What is the ten thousands digit of 185344?
8
What is the thousands digit of 8777099?
7
What is the tens digit of 2098126?
2
What is the units digit of 40668?
8
What is the tens digit of 111019?
1
What is the hundreds digit of 260180?
1
What is the tens digit of 6200816?
1
What is the ten millions digit of 18702043?
1
What is the ten thousands digit of 7748094?
4
What is the hundred thousands digit of 12200872?
2
What is the ten thousands digit of 335641?
3
What is the ten millions digit of 12693538?
1
What is the tens digit of 4118372?
7
What is the units digit of 354207?
7
What is the hundred thousands digit of 347762?
3
What is the hundreds digit of 5400019?
0
What is the thousands digit of 217601?
7
What is the millions digit of 1247653?
1
What is the ten thousands digit of 16569?
1
What is the ten thousands digit of 25054823?
5
What is the hundred thousands digit of 473224?
4
What is the units digit of 110826?
6
What is the units digit of 12872841?
1
What is the millions digit of 2468376?
2
What is the thousands digit of 2502085?
2
What is the ten thousands digit of 10234534?
3
What is the hundreds digit of 9610636?
6
What is the units digit of 25413929?
9
What is the tens digit of 33638?
3
What is the thousands digit of 482834?
2
What is the hundreds digit of 991894?
8
What is the ten thousands digit of 1180801?
8
What is the millions digit of 4211760?
4
What is the ten thousands digit of 398045?
9
What is the hundreds digit of 6148992?
9
What is the ten millions digit of 24628582?
2
What is the hundred thousands digit of 539209?
5
What is the tens digit of 986876?
7
What is the thousands digit of 260971?
0
What is the ten thousands digit of 7005992?
0
What is the thousands digit of 31484290?
4
What is the hundred thousands digit of 7739807?
7
What is the units digit of 1071714?
4
What is the tens digit of 204176?
7
What is the hundreds digit of 4079187?
1
What is the millions digit of 9327027?
9
What is the hundred thousands digit of 789923?
7
What is the units digit of 242823?
3
What is the units digit of 7151913?
3
What is the ten thousands digit of 2851841?
5
What is the thousands digit of 3533798?
3
What is the millions digi